te?
False
Is 50725307 prime?
False
Is 144597001 composite?
False
Is 54451 composite?
True
Is 2968363 composite?
True
Is 12823199 a prime number?
False
Is 2414717 composite?
False
Is 6048403 prime?
False
Is 68472953 composite?
False
Is 19708459 a prime number?
True
Is 17263651 a prime number?
True
Is 21995615 composite?
True
Is 12350971 a prime number?
True
Is 37587623 a prime number?
False
Is 3685999 a prime number?
True
Is 1144133 a prime number?
False
Is 61791803 composite?
False
Is 150145 a composite number?
True
Is 2954599 composite?
False
Is 8396483 composite?
False
Is 22546435 composite?
True
Is 207073 composite?
False
Is 309819695 a prime number?
False
Is 181671607 composite?
True
Is 5355001 prime?
False
Is 634318 a prime number?
False
Is 2086129 composite?
True
Is 54465913 composite?
True
Is 72299629 a composite number?
True
Is 18676909 a prime number?
False
Is 27188237 a prime number?
False
Is 10493113 a composite number?
True
Is 15815 a prime number?
False
Is 2326901 a prime number?
False
Is 69025051 a composite number?
True
Is 154426619 a prime number?
False
Is 4459361 composite?
False
Is 1426979 a prime number?
False
Is 6288287 prime?
True
Is 200262617 a composite number?
True
Is 4660609 a composite number?
True
Is 50237294 composite?
True
Is 19597443 a prime number?
False
Is 45651421 a composite number?
False
Is 179895341 a prime number?
True
Is 140006423 prime?
True
Is 244073803 prime?
True
Is 20039683 prime?
False
Is 1368781 a prime number?
False
Is 351069 a prime number?
False
Is 60567859 composite?
True
Is 7404581 a composite number?
False
Is 1345139 composite?
False
Is 11328787 a prime number?
True
Is 6763871 prime?
True
Is 411868223 a prime number?
False
Is 1783497 a prime number?
False
Is 2471421839 a prime number?
True
Is 198176873 prime?
False
Is 1276921529 prime?
False
Is 200094721 a composite number?
False
Is 240609035 prime?
False
Is 15514891 a prime number?
False
Is 15128933 a composite number?
False
Is 1797811 composite?
True
Is 2577473 a prime number?
True
Is 1699781 composite?
False
Is 2569529 prime?
True
Is 6219451 a composite number?
True
Is 17607449 prime?
False
Is 3283259 a prime number?
False
Is 9311063 composite?
False
Is 51930503 a prime number?
False
Is 4551601 a prime number?
True
Is 21558839 prime?
False
Is 4466897 a prime number?
False
Is 6553541 a prime number?
True
Is 1440955 a prime number?
False
Is 33510749 a prime number?
True
Is 236955457 composite?
True
Is 47551073 composite?
False
Is 8939291 a prime number?
False
Is 594713399 a composite number?
True
Is 4669787 a composite number?
True
Is 94429 a composite number?
True
Is 171634873 a composite number?
True
Is 6144719 prime?
False
Is 1504379 prime?
True
Is 47406859 a prime number?
True
Is 20447183 composite?
False
Is 25983511 a prime number?
True
Is 5514261 a composite number?
True
Is 34123 a prime number?
True
Is 18409445 a composite number?
True
Is 12664423 a prime number?
True
Is 82513049 prime?
False
Is 244677341 composite?
False
Is 172946357 a prime number?
False
Is 26531083 composite?
False
Is 85117913 a composite number?
False
Is 4064447 a prime number?
True
Is 61388423 composite?
False
Is 7597559 a prime number?
False
Is 14183141 composite?
True
Is 94477901 composite?
True
Is 23927983 a composite number?
False
Is 380820229 composite?
True
Is 12631831 prime?
True
Is 48620651 a prime number?
True
Is 1112413 a composite number?
False
Is 10131809 composite?
False
Is 29433497 a composite number?
True
Is 171830341 prime?
True
Is 4230217 a prime number?
False
Is 2096491 a prime number?
False
Is 601357873 composite?
False
Is 11010661 a prime number?
True
Is 165226277 composite?
True
Is 1545289 a prime number?
False
Is 270897085 a composite number?
True
Is 25281743 a composite number?
True
Is 633672491 composite?
False
Is 158192995 a prime number?
False
Is 1570201 a prime number?
False
Is 106089523 composite?
True
Is 46021841 a composite number?
True
Is 4147637 prime?
False
Is 40378237 composite?
True
Is 117017 composite?
False
Is 1857361 a composite number?
True
Is 55347011 prime?
True
Is 3773621 a prime number?
True
Is 4927661 prime?
True
Is 31894201 composite?
False
Is 131073577 prime?
False
Is 92021207 a prime number?
True
Is 129061885 a composite number?
True
Is 442516283 composite?
True
Is 12538441 a composite number?
True
Is 6430511 a prime number?
True
Is 756943 composite?
True
Is 48654037 a prime number?
False
Is 1111637 prime?
True
Is 61431287 a prime number?
True
Is 4400087 a prime number?
False
Is 1037267859 a prime number?
False
Is 5760737 a composite number?
True
Is 13135147 composite?
True
Is 39375223 prime?
False
Is 35623907 composite?
True
Is 41806813 composite?
False
Is 192528337 composite?
False
Is 45626089 a prime number?
False
Is 41232731 a prime number?
True
Is 327227023 a prime number?
False
Is 47776789 composite?
False
Is 1738603 composite?
False
Is 1651753 a prime number?
False
Is 30398495 a prime number?
False
Is 2051 prime?
False
Is 111486449 prime?
True
Is 49309915 a composite number?
True
Is 89737613 composite?
True
Is 18008279 a composite number?
False
Is 536509 a composite number?
False
Is 6440323 a composite number?
True
Is 6738161 a composite number?
True
Is 57624811 composite?
False
Is 24448943 prime?
False
Is 83639489 a composite number?
False
Is 27379721 a prime number?
False
Is 59563435 prime?
False
Is 2036929 composite?
False
Is 895589 a composite number?
True
Is 1116017 a composite number?
True
Is 38485411 a composite number?
True
Is 1251227 prime?
True
Is 2290843 composite?
False
Is 4037669 composite?
True
Is 105024751 prime?
False
Is 6951259 composite?
True
Is 14163049 composite?
True
Is 14554697 a composite number?
False
Is 1125343 a prime number?
True
Is 69178853 prime?
True
Is 123113 composite?
False
Is 28884917 prime?
True
Is 20485601 a composite number?
False
Is 672557 prime?
True
Is 2500403 a composite number?
False
Is 8006249 a composite number?
True
Is 454400483 prime?
False
Is 207303407 a prime number?
True
Is 10614287 a composite number?
True
Is 605993 composite?
False
Is 5573255 a prime number?
False
Is 49302139 prime?
True
Is 451513907 composite?
True
Is 5274217 a composite number?
True
Is 641132791 a prime number?
False
Is 274861 prime?
True
Is 313918805 composite?
True
Is 19218479 a prime number?
False
Is 11259577 a prime number?
False
Is 106331041 composite?
False
Is 29440559 a prime number?
False
Is 1404713 a composite number?
True
Is 19045633 a prime number?
False
Is 7718965 a prime number?
False
Is 5887769 composite?
False
Is 44096383 composite?
False
Is 61255499 a composite number?
False
Is 6094061 composite?
True
Is 1233431 a composite number?
False
Is 108250811 prime?
False
Is 20137993 a prime number?
True
Is 87576851 prime?
True
Is 4706633 a composite number?
False
Is 1037213 a composite number?
False
Is 3980039 a prime number?
False
Is 243608957 prime?
False
Is 724297429 a prime number?
True
Is 214356167 a prime number?
True
Is 143886511 a prime number?
False
Is 2564426 a prime number?
False
Is 430535951 a composite number?
False
Is 17201801 a prime number?
True
Is 16279307 prime?
False
Is 1429279 a composite number?
False
Is 4847611 a composite number?
True
Is 31664833 prime?
False
Is 427351727 a prime number?
False
Is 124267397 a composite number?
False
Is 8179511 a prime number?
True
Is 3894329 composite?
False
Is 7016615 composite?
True
Is 8781283 a prime number?
False
Is 7316191 a composite number?
False
Is 150557315 composite?
True
Is 40849509 a prime number?
False
Is 21631249 a composite number?
True
Is 12458953 composite?
True
Is 1463443 a prime number?
False
Is 792612647 a prime number?
True
Is 1636511 composite?
True
Is 46557569 prime?
True
Is 1578299 a composite number?
False
Is 14711657 a composite number?
False
Is 12404869 a prime number?
False
Is 134584987 prime?
True
Is 20199701 composite?
False
Is 342406007 composite?
False
Is 77728187 a prime number?
True
Is 709537739 prime?
True
Is 4064021 prime?
False
Is 22354809 composite?
True
Is 52452359 prime?
False
Is 1178669 composite?
False
Is 33924217 a composite number?
True
Is 2636527 composite?
False
Is 175683613 prime?
False
Is 9747061 a composite number?
False
Is 1148754059 a prime number?
False
Is 190131751 prime?
